 z**2 - 2*z. Let l be n(7). Suppose 10 = -5*k, -3*w + 4*k = -l - 3. What are the prime factors of w?
2, 5
Suppose -6 = -0*s - 3*s. Suppose -s*m + 63 = m. What are the prime factors of m?
3, 7
Suppose 3 + 1 = v. List the prime factors of (4 - 0)*4/v.
2
Suppose -a = -1 - 1. Let o be (-66)/(-77)*28/6. Suppose -a*h + 12 = o. List the prime factors of h.
2
List the prime factors of -5*(1 - (-108)/(-20)).
2, 11
What are the prime factors of (-32)/(-24) - (-244)/6?
2, 3, 7
Let u(p) = -p + 3. Let f be u(0). Let b = 4 - f. List the prime factors of (-42)/(-4) + b/2.
11
Let f = 70 + -33. What are the prime factors of f?
37
Let k be 19 - (1 - 0)*-1. Let f be 2/(-2 - k/(-9)). Let t = 0 + f. List the prime factors of t.
3
Let f(u) = u**3 - u**2 + u - 10. Let i(q) = -q**2 + 1. Let k(d) = -f(d) - 6*i(d). Let b be k(7). List the prime factors of b/(-1) + 3 + -2.
2
Suppose 2*r + 33 = 5*n, 2*n = -0*r - r + 6. Let g(d) = -d - 3. Let c be g(-8). Let a = n + c. What are the prime factors of a?
2, 5
Let q(d) = 24*d**2 + d. Let x be q(1). Let f be x/(-5)*2/5. Let u(h) = -2*h**3 - 2*h**2 + 3*h + 2. List the prime factors of u(f).
2
Let p be 1/((-96)/33 + 3). Let c(l) = l**3 - 11*l**2 + 5*l - 16. List the prime factors of c(p).
3, 13
Let a(w) = -3*w + 1. Let z(y) = -y**2 - 2*y + 1. Let k(t) = -t**2 + 2*t + 1. Let h be k(2). Let g be z(h). What are the prime factors of a(g)?
7
Let r(l) = l**3 + 2*l**2 - 2*l + 4. Let g be r(-3). List the prime factors of (-2 + 10*g)/1.
2
Let g(h) = -h**3 - 7*h**2 - 4*h + 3. Let j be g(-5). Let x = 12 + j. Let i = 26 + x. What are the prime factors of i?
11
Suppose -5*y = -314 + 19. What are the prime factors of y?
59
Suppose 0 = -2*l + l + 3. Let b(t) = -t**2 + 8*t - 2 - t**3 - 5*t + l. What are the prime factors of b(-3)?
2, 5
Let q(o) = o - 4. Let n be q(8). Suppose -3*t - 5*s - n = 0, 3*t + 4*s + 3 - 1 = 0. Suppose -t*l - 2*l + 56 = 0. What are the prime factors of l?
2, 7
Suppose -7 = -5*x - 57. List the prime factors of (-5)/25 - 122/x.
2, 3
Let i be 36/(-5) - (-1)/5. Let g = -2 - i. List the prime factors of g.
5
What are the prime factors of (-244)/(-11) + 4/(-22)?
2, 11
Let n = 147 - 87. List the prime factors of n.
2, 3, 5
Let x = -32 - -73. What are the prime factors of x?
41
Let t(z) be the first derivative of z**5/60 - z**4/12 - z**3/2 - z**2 + 3. Let a(i) be the second derivative of t(i). List the prime factors of a(-3).
2, 3
Let j(w) = -w**3 + 3*w**2 + 3*w - 7. Let a be j(3). Suppose a*i - 128 = -3*h, -2*h + 84 = 4*i - 2*i. List the prime factors of h.
2, 11
What are the prime factors of -3 - 40/(-4 + 0)?
7
Suppose -i = -5*i + 12. What are the prime factors of (i - 4)/(1/(-7))?
7
Let h(n) = n**2 + 8*n + 3. Let v be h(-8). Suppose 0 = -v*s + 8*s - 75. List the prime factors of s.
3, 5
Let a = 6 - 9. Let g(h) = -2*h**3 - 2*h**2 - h - 2. What are the prime factors of g(a)?
37
List the prime factors of -3*((-82)/3 - 5).
97
Suppose -21 + 161 = 5*x. Suppose -14 - x = -2*w. What are the prime factors of w?
3, 7
Suppose 0*u = 9*u - 1674. What are the prime factors of u?
2, 3, 31
Suppose 443 = 3*w - 169. What are the prime factors of w?
2, 3, 17
Suppose 0 = -3*o + 19 + 5. Let w(x) = -6*x**3 - x**2 + x. Let s be w(1). Let f = o + s. List the prime factors of f.
2
Let a(l) = l - 9. Let b be a(9). Suppose -4*q + 4*o + 36 = b, -2*o = q + 3*q - 48. Let u = q + -8. List the prime factors of u.
3
Let f be -2*(-1 - (-6)/3). Let k(n) = -2*n. Let c be k(-5). What are the prime factors of 136/c + f/(-5)?
2, 7
Let n(s) = 2*s - 2. Let d be n(-4). Let k(w) = 4 - 1 + 5 + w**3 + 9*w**2 - 10*w. List the prime factors of k(d).
2
Suppose -2*x + 2 = -6. Suppose 20 = 2*g - x*o - 40, -4*g = -o - 92. What are the prime factors of g?
2, 11
Let o(k) = 3*k. Let l be o(1). Let m be (90/12)/(6/32). Suppose -m = -f - l*f. What are the prime factors of f?
2, 5
Suppose -4 + 28 = -3*a. Let b(m) = m**2 + 8*m + 6. List the prime factors of b(a).
2, 3
Suppose 0 = r - 2*r + 3. Suppose -n + r*n = 4. Suppose y + 2*l + 4 = 0, 15 = 3*y + l + n. What are the prime factors of y?
2, 3
Suppose -2*l + 6 = -16. Let w = -7 + 6. What are the prime factors of (l - w)*2/6?
2
Let z(o) = 16*o - 12. Let l(g) = g - 1. Let q(i) = 12*l(i) - z(i). What are the prime factors of q(-4)?
2
Let c(r) be the third derivative of r**5/60 + 5*r**4/12 + 2*r**3 - 3*r**2. What are the prime factors of c(-9)?
3
Suppose 5*v = 3*g - 7*g + 195, 0 = v + 1. List the prime factors of g.
2, 5
Let m(w) = -w**3 + 8*w**2 + 5*w - 3. List the prime factors of m(3).
3, 19
Suppose 2*s = -f - 10, -4*f - 2*s = -0*s + 10. Let b be 1 - (1 + -4 + f). Suppose b*w - 6 = -3*a - 0*a, w = 4*a + 11. List the prime factors of w.
3
Let q = -6 + 4. Let d be -10*1/q + -2. Suppose 7*y = d*y + 40. What are the prime factors of y?
2, 5
Suppose 2 + 4 = -3*x. Let z(g) = -g**2 - 5*g - 3. Let m be z(x). Suppose m*v = 35 - 14. What are the prime factors of v?
7
Let w = -9 + 13. Suppose 3*n + n + w = 0. What are the prime factors of (n - -4)*(-13)/(-3)?
13
Suppose -6*j - 2355 = -21*j. List the prime factors of j.
157
Let y(g) be the second derivative of -3/2*g**2 - 1/2*g**3 + 1/20*g**5 - 1/12*g**4 + 0 + 2*g. List the prime factors of y(3).
2, 3
Let s = 0 - -23. Let g = -15 + s. What are the prime factors of g?
2
Suppose 2*k - 5*r = 21, -5*k + 0 + 3 = 4*r. Let u = -63 + 107. Suppose 0*q = -3*g + k*q + 9, 4*g - u = -4*q. List the prime factors of g.
7
Let l(d) = -d**3 - 17*d**2 - 11*d - 18. List the prime factors of l(-17).
13
Let n be (-76)/(-10) + (-10)/(-25). Let m be (-3)/(-6)*n/2. Suppose -3*t = -m*t - 9. What are the prime factors of t?
3
Let q = 44 + 2. List the prime factors of q.
2, 23
Suppose -3*w - l + 83 = -0*l, -2*w + 2*l + 50 = 0. Let i = w + 1. What are the prime factors of i?
2, 7
Let k = 40 - 15. Suppose 2*d - 4*t = -3*d + 34, -t - k = -4*d. List the prime factors of d.
2, 3
Let u(p) = p**2 + 1. Let f = 10 + -11. List the prime factors of u(f).
2
Suppose -l + 3 = -93. What are the prime factors of l/40*(-50)/(-3)?
2, 5
Let m(b) = b + 1. Suppose -3*z - 9 = 4*f, -2*f - f - 8 = z. What are the prime factors of m(z)?
2
Let i(m) = m**3 + 10*m**2 - 4. What are the prime factors of i(-7)?
11, 13
Let x be 2/1 + (-3 - -1). Suppose 5*j + 1 = v, x = -j + 4*j - v + 1. Let s(p) = -p**3 - p + 4. List the prime factors of s(j).
2
Let m be 135 - ((-2)/(-1) + -1). Let a(o) = o**2 - 4*o + 4. Let t be a(4). Suppose -38 + m = t*x. List the prime factors of x.
2, 3
Suppose 0 = x - 4*x + 63. What are the prime factors of x?
3, 7
Let a(s) = -21*s**3 - s**2 - 2*s - 1. Let b be a(-1). Let x = 5 - -1. Let v = b - x. What are the prime factors of v?
3, 5
Let h = 3 + -4. Let w be -2 + 13 + 3 + h. List the prime factors of 3 + -5 + w*1.
11
Let y(c) = 25*c - 3. Let z be y(7). Let q = z + -118. List the prime factors of q.
2, 3
Suppose -s - f + 138 = 0, 0*s + 3*f = s - 134. What are the prime factors of s?
137
What are the prime factors of -5*3*(-141)/15?
3, 47
Suppose -h - 5*h + 930 = 0. List the prime factors of h.
5, 31
Let m(q) = q**3 + 6*q**2 - 4*q - 9. Suppose -12 = 2*o - a + 4*a, -4*o + a - 24 = 0. Let i be m(o). Let j = i - 5. List the prime factors of j.
2, 5
Suppose -x + o + 33 = 0, 0 = 2*x + 5*o - 87 - 14. Suppose -4*f - 2*l = -x, f - 2*l + 0*l = 12. List the prime factors of f.
2, 5
Let k be 6/9*3/2. Let o = k - -3. What are the prime factors of o?
2
Suppose -2*a - 80 - 38 = 0. Let t = -36 - a. List the prime factors of t.
23
Let g(k) = -7*k + 7. Let u(y) = 7*y - 6. Let c(a) = 2*g(a) + 3*u(a). Let w(n) = -20*n + 12. Let l(z) = 17*c(z) + 6*w(z). What are the prime factors of l(0)?
2
Let z(u) = -6*u**3 - u**2 + u + 1. Let d be z(-1). Let c(t) = 6*t**2 - t - 3 + 16 - d*t**2. What are the prime factors of c(0)?
13
Let h be 3/(-1*(-2)/(-12)). Suppose 2*l - g + 6*g - 36 = 0, 3*g = -2*l + 44. Let s = l + h. What are the prime factors of s?
2, 5
Suppose 0 = -2*o - 2 + 6. Let l be (-4)/o*-1*2. Suppose -4*w + l*u = 0, 12 = -0*w + 5*w + u. What are the prime factors of w?
2
Suppose -399 = -5*x + 2*s, -69 = -x + 4*s + 18. Suppose -2*g - 3*a + x = 0, 3*g = g - a + 73. List the prime factors of g.
5, 7
Let i be -3*(-2 - 4/(-6)). Suppose 2*y + 26 = 4*w, 0 = 3*w + i*y - y + 3. What are the prime factors of w?
2
Let l be (52 - 1)*1/(-3). Let f = 32 + l. 